77299?
17, 389, 160423
List the prime factors of 313066183.
821, 381323
What are the prime factors of 454629193?
443, 1026251
List the prime factors of 30667879.
11, 79, 35291
List the prime factors of 40524419.
13, 953, 3271
What are the prime factors of 74162307?
3, 24720769
What are the prime factors of 66546414?
2, 3, 11, 112031
What are the prime factors of 5947081631?
211, 1097, 25693
List the prime factors of 97927695.
3, 5, 2176171
What are the prime factors of 259288453?
23, 1433, 7867
What are the prime factors of 234412861?
19, 197, 62627
What are the prime factors of 7406045378?
2, 19, 139, 1402129
List the prime factors of 97962926.
2, 397, 123379
What are the prime factors of 767163105?
3, 5, 17048069
What are the prime factors of 2737490384?
2, 193, 886493
List the prime factors of 463482200.
2, 5, 19, 23, 5303
List the prime factors of 848945318.
2, 13, 23, 1419641
What are the prime factors of 1142825915?
5, 7, 11, 47, 137, 461
What are the prime factors of 307674179?
61, 101, 49939
List the prime factors of 17262477.
3, 71039
List the prime factors of 5135993066.
2, 1013, 2535041
What are the prime factors of 4869446979?
3, 43, 37747651
What are the prime factors of 877257002?
2, 4649, 94349
What are the prime factors of 87221940?
2, 3, 5, 13, 67, 1669
List the prime factors of 1897540392.
2, 3, 11, 73, 8951
What are the prime factors of 1146923056?
2, 859, 83449
What are the prime factors of 73298848?
2, 7, 337, 971
List the prime factors of 205745474.
2, 11, 991, 9437
List the prime factors of 27163542.
2, 3, 7, 67, 197
List the prime factors of 2418628010.
2, 5, 241862801
List the prime factors of 5367081192.
2, 3, 11, 20329853
List the prime factors of 26532988.
2, 17, 390191
What are the prime factors of 6393709?
7, 19, 48073
What are the prime factors of 71513939?
7, 73, 349, 401
What are the prime factors of 4218906529?
31, 136093759
What are the prime factors of 721296668?
2, 71, 2539777
What are the prime factors of 184746828?
2, 3, 7, 71, 30977
What are the prime factors of 517523981?
13, 39809537
What are the prime factors of 2356350431?
1223, 1926697
List the prime factors of 18905070.
2, 3, 5, 630169
What are the prime factors of 63079065?
3, 5, 7, 43, 4657
What are the prime factors of 70571704?
2, 7, 197, 6397
What are the prime factors of 2271354512?
2, 7, 23, 397, 2221
What are the prime factors of 68151240?
2, 3, 5, 63103
List the prime factors of 507842404.
2, 126960601
List the prime factors of 244106717.
29, 359, 23447
What are the prime factors of 164121707?
164121707
What are the prime factors of 583251334?
2, 17, 617, 27803
List the prime factors of 47448215.
5, 9489643
What are the prime factors of 39692018?
2, 41, 53, 9133
List the prime factors of 182281944.
2, 3, 13, 83, 7039
What are the prime factors of 140596326?
2, 3, 13, 43, 89, 157
List the prime factors of 546817829.
107, 193, 26479
What are the prime factors of 206281646?
2, 103140823
What are the prime factors of 91521415?
5, 43, 425681
What are the prime factors of 4573850?
2, 5, 17, 5381
List the prime factors of 420626622.
2, 3, 13, 23, 234463
What are the prime factors of 72332446?
2, 41, 882103
What are the prime factors of 145239304?
2, 7, 71, 36529
List the prime factors of 48607219.
29, 1676111
List the prime factors of 106481147.
106481147
List the prime factors of 2698736242.
2, 1349368121
List the prime factors of 197147656.
2, 3499, 7043
What are the prime factors of 325680839?
11, 43, 688543
List the prime factors of 57080926.
2, 7, 83, 49123
List the prime factors of 953360977.
12343, 77239
What are the prime factors of 182106119?
13, 37, 29123
List the prime factors of 40734991.
11, 751, 4931
List the prime factors of 7610864720.
2, 5, 95135809
What are the prime factors of 28618403?
11, 359, 7247
List the prime factors of 4484792968.
2, 17093, 32797
List the prime factors of 39125622.
2, 3, 23, 283519
List the prime factors of 20478061.
20478061
What are the prime factors of 44295364?
2, 37, 8089
What are the prime factors of 86640799?
7, 12377257
What are the prime factors of 156626077?
53, 2955209
List the prime factors of 944331532.
2, 236082883
What are the prime factors of 86291060?
2, 5, 41, 47, 2239
List the prime factors of 191960566.
2, 7, 17, 619, 1303
List the prime factors of 2799686250.
2, 3, 5, 248861
What are the prime factors of 920449722?
2, 3, 153408287
What are the prime factors of 140262101?
7, 20037443
What are the prime factors of 1270242349?
1270242349
What are the prime factors of 1592463675?
3, 5, 11, 1930259
List the prime factors of 615539906.
2, 29, 31, 342347
What are the prime factors of 1897920379?
1861, 1019839
What are the prime factors of 78685024?
2, 11, 23, 9719
List the prime factors of 852126806.
2, 71, 6000893
List the prime factors of 87826602.
2, 3, 14637767
List the prime factors of 3931635563.
6007, 654509
List the prime factors of 146699857.
37, 89, 44549
What are the prime factors of 501237660?
2, 3, 5, 7, 11, 1409
What are the prime factors of 68703110?
2, 5, 7, 981473
What are the prime factors of 36436600?
2, 5, 23, 89
List the prime factors of 24708419.
24708419
List the prime factors of 282109034.
2, 141054517
What are the prime factors of 273231944?
2, 659, 51827
What are the prime factors of 12339381?
3, 4113127
What are the prime factors of 644996430?
2, 3, 5, 13, 541, 1019
What are the prime factors of 3079167952?
2, 7, 409, 67219
What are the prime factors of 57004330?
2, 5, 137, 41609
List the prime factors of 1877341.
73, 25717
What are the prime factors of 2544241232?
2, 13, 23, 531823
What are the prime factors of 20662540?
2, 5, 1033127
List the prime factors of 85291403.
43, 59, 33619
List the prime factors of 2305916073.
3, 85404299
List the prime factors of 271501628.
2, 17, 234863
List the prime factors of 66581160.
2, 3, 5, 554843
What are the prime factors of 29376386?
2, 13, 1129861
List the prime factors of 33661812.
2, 3, 83, 33797
What are the prime factors of 522592555?
5, 157, 665723
What are the prime factors of 1246438994?
2, 293, 2127029
What are the prime factors of 793325?
5, 13, 2441
What are the prime factors of 4520900411?
103, 4919, 8923
List the prime factors of 2372436090.
2, 3, 5, 881, 29921
List the prime factors of 1510980563.
109, 191, 72577
What are the prime factors of 13899207?
3, 7, 29, 787
What are the prime factors of 144735696?
2, 3, 7, 139, 1033
What are the prime factors of 373281605?
5, 23, 3245927
What are the prime factors of 3596427233?
7, 131, 3921949
What are the prime factors of 64293266?
2, 32146633
What are the prime factors of 98962584?
2, 3, 7, 589063
What are the prime factors of 650597171?
7, 47, 1977499
What are the prime factors of 827550390?
2, 3, 5, 27585013
List the prime factors of 2991606.
2, 3, 41, 12161
List the prime factors of 54152475.
3, 5, 13, 55541
What are the prime factors of 84995643?
3, 28331881
List the prime factors of 890622805.
5, 178124561
List the prime factors of 210026844.
2, 3, 173, 1249
List the prime factors of 1179769975.
5, 37, 34471
What are the prime factors of 2978150861?
7, 60778589
List the prime factors of 206299306.
2, 103149653
What are the prime factors of 52402391?
29, 641, 2819
What are the prime factors of 4799792564?
2, 7, 61, 191, 14713
What are the prime factors of 2237403450?
2, 3, 5, 127, 257, 457
What are the prime factors of 13290302?
2, 6645151
List the prime factors of 669600025.
5, 947, 28283
List the prime factors of 71861650.
2, 5, 7, 205319
What are the prime factors of 2237245632?
2, 3, 463, 8389
List the prime factors of 50496873.
3, 7, 2404613
What are the prime factors of 24250011?
3, 103, 78479
List the prime factors of 67414726.
2, 1997, 16879
List the prime factors of 2065236593.
7, 295033799
What are the prime factors of 1706129595?
3, 5, 29, 103, 4231
What are the prime factors of 55555956?
2, 3, 171469
What are the prime factors of 1568048422?
2, 784024211
What are the prime factors of 325193267?
7, 331, 140351
List the prime factors of 524561707.
17, 113, 273067
What are the prime factors of 198572385?
3, 5, 11, 61, 109, 181
List the prime factors of 1481549476.
2, 11, 33671579
What are the prime factors of 125076533?
125076533
What are the prim